 9*g - 12*g + 54 = 0. Suppose p - 4*s = -p + g, 4*s = -12. Suppose -2*z = -4*j + 848, j + p*z + 26 - 245 = 0. What is the units digit of j?
3
Suppose 13 = 4*d + 1. Let b(z) be the first derivative of 3*z**3 - 9*z**2/2 + 15*z - 10752. What is the tens digit of b(d)?
6
Suppose -s + 359 = 4*j - 930, -2*s + 2566 = 5*j. Let p = 2205 - s. What is the tens digit of p?
3
Suppose -52 + 255 = 7*d. Suppose 26*o = d*o - 132. What is the units digit of ((-6)/4)/((-2)/o)?
3
Let c = 108 - 111. What is the hundreds digit of -3 + 104 + -1 - c?
1
Let c(j) = 4*j**2 - 3*j - 2. Let n be c(-1). Let k be -76*1 + n/(20/4). Let y = 159 + k. What is the units digit of y?
4
Let x = 23770 + -8181. What is the hundreds digit of x?
5
Let m be (-1)/((-7)/77) + -6. Suppose -3*t - 3*p + m = -460, -2*t + 2*p = -290. What is the hundreds digit of t?
1
Let r(c) = -6774*c + 3122. What is the hundreds digit of r(-7)?
5
Let i be ((-2)/8)/(24/(-32))*9. Suppose 4*c - 2*f - 2748 = 0, -2*c = -6*c + i*f + 2750. What is the hundreds digit of c?
6
Let i(k) be the third derivative of -35*k**4/24 - 53*k**3/3 - 10*k**2 + 3. What is the hundreds digit of i(-6)?
1
Let c = 5477 + -1352. What is the thousands digit of c?
4
Let q(b) = 372*b + 7936. What is the thousands digit of q(-15)?
2
Let k(w) = 11 + 36 + 14*w + 0*w + 13*w**2 - 2*w. What is the tens digit of k(-7)?
0
Suppose 4*j - 5*n + 480 = -n, -5 = n. Let k = 171 + j. What is the units digit of k?
6
Suppose -6*d + 16*d + 10 = 0. Let k be (1 + -7)*d/1. What is the units digit of (k/(-7))/(((-3)/(-77))/(-3))?
6
Let q = 2955 - 2046. Suppose 3*x - q + 145 = -n, -n - 4*x = -768. What is the units digit of n?
2
Let l = -3210 - -10203. What is the hundreds digit of l?
9
Let u(f) = f**2 + 29*f + 35. Let h be u(-24). Let z = 149 + h. What is the units digit of z?
4
Let b(j) = -465*j - 3. Let x(h) = -h**2 - h + 5. Let r be x(2). What is the tens digit of b(r)?
6
Suppose -115*d + 45*d + 703500 = 0. What is the units digit of d?
0
Suppose -164*u - 22535 = -4*u - 63975. What is the tens digit of u?
5
Let g = 321 - 285. What is the tens digit of (g/(-27))/(2/(-1149))?
6
Let q = 25543 + -2549. What is the hundreds digit of q?
9
Suppose t - 8 = 2*i - 2, 4*i + 20 = 0. What is the tens digit of t/(-8) - (-2345)/10?
3
Suppose 12 = 2*q + 2*q. Suppose 4*s + 175 = -q*s. What is the units digit of (0 - 5)*45/s?
9
Let k be (0*(-6)/18)/(-1 + -1). Suppose k = 9*l - 0*l - 6*l. What is the tens digit of (-362)/4*(l/1 - 2)?
8
Suppose -53*x - 757914 - 231606 = -73*x. What is the tens digit of x?
7
Let s = -12019 + 28584. What is the thousands digit of s?
6
Let s be (-12)/2*(-86)/129. Suppose 0 = 4*y + 8, -s*t = -11*y + 13*y - 1348. What is the units digit of t?
8
Suppose 0 = -v - 2*g + 35, -2*g - 13 - 26 = -v. Suppose -9918 = v*r - 46*r. What is the units digit of r?
2
Suppose -167 = -3*x - 11. What is the tens digit of -1 + x + (17 - 21)?
4
Let w be -4*(3/2 - 35/10). Let y be (-3 + w)*6/5. Suppose 5*d = -r + 49, y*d + 395 = 5*r + d. What is the units digit of r?
4
Let o(d) be the third derivative of d**6/24 - d**5/30 + d**4/8 + 23*d**3/6 - 2*d**2 + 46*d. What is the tens digit of o(4)?
2
Suppose -30*j - 142 = -31*j. Let f = j - 55. Let p = 243 - f. What is the units digit of p?
6
Suppose -65*q + 63*q - 20 = 3*a, -3*q - a = 16. What is the tens digit of 376 - (361/76 + (-1)/q)?
7
Suppose 24 = -14*b + 6*b. Let f be (b/(-5))/(14/3430). Suppose x - f + 60 = 0. What is the tens digit of x?
8
Let n(h) = -h - 66. Let c be n(0). Let s = c - -57. What is the tens digit of -1*1/2*306/s?
1
Let q = 409 - 246. Suppose n = -4*g + 27 + 32, 2*g = 3*n - q. Suppose 0 = -7*y + 12*y - n. What is the tens digit of y?
1
Suppose 2*j = j + 526. Suppose -113*s - 99*s + 45408 = -83*s. Let h = j - s. What is the hundreds digit of h?
1
Suppose -586210 = -24*b + 216542. What is the thousands digit of b?
3
Let m = 10246 + 9557. What is the thousands digit of m?
9
Suppose 0 = -24*o + 19*o + 5*h + 15225, -4*o + 2*h = -12176. What is the units digit of o?
3
Let i(y) = -350*y + 2175. What is the hundreds digit of i(-111)?
0
Let d(i) = -i**3 + 36*i**2 + 12*i + 56. What is the units digit of d(22)?
6
Let a(q) = -15*q**3 + q**2 + 7*q - 1. Let s be 2/3 - (51/9 + -2). What is the tens digit of a(s)?
9
Suppose 10*u - 8*u + 4 = 0, -5*c + 6833 = -4*u. Let q = c - 594. What is the tens digit of q?
7
Suppose -2*u = 3*t + 8, -3*t = -2*u - 0*u + 16. Let g(n) = -4*n + u*n**2 + 3 - 10*n**2 + 36*n**2. What is the units digit of g(1)?
7
What is the tens digit of (550/(-40) - -13)/(4/(-37056))?
4
Let h(o) = -4*o + 119. Let n = 31 + -23. Suppose -n*d + 3*d = 0. What is the tens digit of h(d)?
1
Let m = 10321 + -6162. What is the units digit of m?
9
Suppose 2*r + o = -0*r + 123, -3*r = 3*o - 177. Let w = -23 + r. Let b = w - -32. What is the units digit of b?
3
Let q = 232 - 424. Let m = q - -380. Suppose 5*n = 147 + m. What is the units digit of n?
7
Let g(f) = -132 + 13*f - 6*f - 2*f + 4*f**2 + 16 - f. What is the hundreds digit of g(14)?
7
Let w(j) be the second derivative of 7*j**3/6 + 22*j**2 - 28*j. Let u be w(-6). Suppose g = 2*x + 2*x + 139, u*x = 2*g - 254. What is the tens digit of g?
2
Suppose -14 = -o + 4*p, -3*p - 3 = -3*o - 4*p. Suppose 2*k + 6*g = g + 13, -o = -k - g. Let l(d) = 104*d**2 + 2*d. What is the units digit of l(k)?
2
Suppose -20*f = 99 - 259. Suppose 683 = f*n + 211. What is the units digit of n?
9
Suppose 3*r = 2*l + 98329, 15*l = 18*l + 15. What is the units digit of r?
3
Let y(u) = 144*u + 370. What is the thousands digit of y(31)?
4
Suppose -33*p = -35*p + 4. Let k(s) = 9*s**3 - 2*s**2 + 3*s - 5. What is the units digit of k(p)?
5
Let s be (-2 + 0 - -1)/(-3 - -2). Let j = 2 + s. Suppose 4*l - 332 = -4*t, 3*t - 274 = j*l - l. What is the units digit of t?
8
Let y = -103 - -48. Let p be ((-4)/(-5))/((-11)/y) - -11. What is the units digit of 45/p + (139 + -2 - -2)?
2
Let m(v) = 163*v**2 - 83*v - 1270. What is the units digit of m(-18)?
6
What is the hundreds digit of -20*(-2609)/24*6?
0
What is the ten thousands digit of 12189*3/6*24/9?
1
Let v(s) = s**3 + 31*s**2 + s + 34. Let w be v(-31). Suppose -w*u - 2495 = -4*o + 532, 0 = 2*o + u - 1501. What is the tens digit of o?
5
Let l be -2 + (-852)/(-18)*15. Suppose 4*o - l = 3*b + 790, 4*b + 1127 = 3*o. What is the tens digit of o?
7
What is the units digit of -12*2*(-30)/(-8)*38825/(-75)?
0
Let n(k) = 196*k**2 - 4*k - 60. What is the ten thousands digit of n(-8)?
1
What is the tens digit of 8 - (-88)/176*(1772 + 0)?
9
Let u be 0/(-2) - (7 + -8 + -7). Suppose a - 15 = u. What is the tens digit of a?
2
Let x = -490 - -754. Suppose 4*y - 345 = m, -3*y + x = -0*y + m. What is the units digit of y?
7
Let h = -23647 + 35099. What is the units digit of h?
2
Let s = 4793 - 3397. Suppose -3*i = -s + 76. What is the tens digit of i?
4
Suppose -v = v - 6, 3*v = -5*o + 2409. Suppose o = -6*x + 11*x. Let k = -28 + x. What is the tens digit of k?
6
Let f = 10467 - -8707. What is the units digit of f?
4
Suppose 1461*a + 1131273 = 1488*a. What is the hundreds digit of a?
8
Suppose -5*x + 3 = 8. What is the tens digit of 0 + 20/(-3)*(x - 32)?
2
Let x = 287 + -282. Suppose x*c = -6*k + k + 3355, 0 = -3*c + k + 2033. What is the units digit of c?
6
Let n(g) = 50*g**2 - 7*g - 19. Let x be n(-2). Let t = x - -206. What is the units digit of t?
1
Let v be (7 - 8)/((-2)/26). Suppose -v*w = -1025 + 375. Let h = w + 131. What is the hundreds digit of h?
1
Let o = 296 + 44. Let u be (-4)/(-2) + (o - 7). Suppose 0 = -5*y + 10*y - u. What is the tens digit of y?
6
Let p = 51307 + -33190. What is the tens digit of p?
1
Let z = 18 - 9. Suppose -z - 7 = -4*u. Let w(g) = g**3 + 3*g**2 - 4*g + 12. What is the units digit of w(u)?
8
Let f(y) = -y**3 + 14*y**2 + 18. Let p be f(14). Suppose -15*w = -4*i - p*w + 1284, -3*i + 956 = 4*w. What is the units digit of i?
4
Suppose 0 = -0*k + 2*k - 28. Suppose 0 = u + 2*p + 24, 2*p - 46 = 2*u + k. Let w = u + 67. What is the tens digit of w?
3
Suppose -3*f + 2 + 7 = 0, -3*f - 189 = -3*l. What is the tens digit of 60/(-18)*l/(-2)?
1
Suppose -15*j + 16 = -11*j. Suppose 2*c = y + 2812, 4*c + j*y = 2*y + 5624. What is the thousands digit of c?
1
What is the ten thousands digit of (-1620075)/(-160)*2 + (-8)/(-128)?
2
Suppose 103*p - 98*